{"id":1710,"date":"2018-10-13T01:53:52","date_gmt":"2018-10-13T01:53:52","guid":{"rendered":"http:\/\/demo.casethemes.net\/nimmo\/?page_id=7"},"modified":"2020-07-15T18:17:14","modified_gmt":"2020-07-15T16:17:14","slug":"home","status":"publish","type":"page","link":"https:\/\/www.hydrotoit-demoussage.fr\/","title":{"rendered":"Accueil Tous travaux de D\u00e9moussage &#8211; 77"},"content":{"rendered":"<p>[vc_row full_width=\u00a0\u00bbstretch_row_content_no_spaces\u00a0\u00bb el_id=\u00a0\u00bbaccueil\u00a0\u00bb][vc_column]\n\t\t\t<!-- START Home one Slider REVOLUTION SLIDER 6.2.5 --><p class=\"rs-p-wp-fix\"><\/p>\n\t\t\t<rs-module-wrap id=\"rev_slider_1_1_wrapper\" data-source=\"gallery\" style=\"background:#ffffff;padding:0;margin:0px auto;margin-top:0;margin-bottom:0;\">\n\t\t\t\t<rs-module id=\"rev_slider_1_1\" style=\"\" data-version=\"6.2.5\">\n\t\t\t\t\t<rs-slides>\n\t\t\t\t\t\t<rs-slide data-key=\"rs-1\" data-title=\"NATURAL BEAUTY\" data-description=\"We will help you to reduce your energy consumption.\" data-anim=\"ei:d;eo:d;s:d;r:0;t:parallaxvertical;sl:d;\" data-firstanim=\"t:fade;s:1500;sl:7;\">\n\t\t\t\t\t\t\t<img src=\"\/\/www.hydrotoit-demoussage.fr\/wp-content\/uploads\/2020\/07\/peinture-toiture.jpg\" title=\"peinture-toiture\" width=\"720\" height=\"640\" data-parallax=\"10\" class=\"rev-slidebg\" data-no-retina>\n<!--\n\t\t\t\t\t\t\t--><rs-layer\n\t\t\t\t\t\t\t\tid=\"slider-1-slide-1-layer-1\" \n\t\t\t\t\t\t\t\tclass=\"Newspaper-Title\"\n\t\t\t\t\t\t\t\tdata-type=\"text\"\n\t\t\t\t\t\t\t\tdata-color=\"rgba(255, 255, 255, 1)||rgba(255, 255, 255, 1)||rgba(255, 255, 255, 1)||#ffffff\"\n\t\t\t\t\t\t\t\tdata-rsp_ch=\"on\"\n\t\t\t\t\t\t\t\tdata-xy=\"x:c,l,c,c;xo:24px,115px,0,0;yo:161px,155px,114px,108px;\"\n\t\t\t\t\t\t\t\tdata-text=\"w:normal;s:75,50,50,48;l:55,55,55,35;fw:700,400,400,400;a:center;\"\n\t\t\t\t\t\t\t\tdata-dim=\"w:804px,764px,756px,420px;h:94px,auto,auto,auto;\"\n\t\t\t\t\t\t\t\tdata-padding=\"b:10;\"\n\t\t\t\t\t\t\t\tdata-frame_0=\"y:-100%;o:1;\"\n\t\t\t\t\t\t\t\tdata-frame_0_mask=\"u:t;\"\n\t\t\t\t\t\t\t\tdata-frame_1=\"st:1000;sp:1500;sR:1000;\"\n\t\t\t\t\t\t\t\tdata-frame_1_mask=\"u:t;\"\n\t\t\t\t\t\t\t\tdata-frame_999=\"st:w;sp:1000;auto:true;\"\n\t\t\t\t\t\t\t\tdata-frame_999_mask=\"u:t;\"\n\t\t\t\t\t\t\t\tstyle=\"z-index:9;font-family:Roboto Slab;\"\n\t\t\t\t\t\t\t>Hydro toit 77 \n\t\t\t\t\t\t\t<\/rs-layer><!--\n\n\t\t\t\t\t\t\t--><rs-layer\n\t\t\t\t\t\t\t\tid=\"slider-1-slide-1-layer-3\" \n\t\t\t\t\t\t\t\tclass=\"tp-shape tp-shapewrapper\"\n\t\t\t\t\t\t\t\tdata-type=\"shape\"\n\t\t\t\t\t\t\t\tdata-rsp_ch=\"on\"\n\t\t\t\t\t\t\t\tdata-xy=\"x:c;y:m;\"\n\t\t\t\t\t\t\t\tdata-text=\"w:normal;fw:700;\"\n\t\t\t\t\t\t\t\tdata-dim=\"w:100%;h:100%;\"\n\t\t\t\t\t\t\t\tdata-basealign=\"slide\"\n\t\t\t\t\t\t\t\tdata-frame_1=\"st:1000;sp:1500;sR:1000;\"\n\t\t\t\t\t\t\t\tdata-frame_999=\"o:0;st:w;sp:1000;sR:6500;\"\n\t\t\t\t\t\t\t\tstyle=\"z-index:8;background-color:rgba(0,0,0,0.35);\"\n\t\t\t\t\t\t\t> \n\t\t\t\t\t\t\t<\/rs-layer><!--\n\n\t\t\t\t\t\t\t--><rs-layer\n\t\t\t\t\t\t\t\tid=\"slider-1-slide-1-layer-7\" \n\t\t\t\t\t\t\t\tclass=\"Newspaper-Title\"\n\t\t\t\t\t\t\t\tdata-type=\"text\"\n\t\t\t\t\t\t\t\tdata-color=\"rgba(255, 255, 255, 1)\"\n\t\t\t\t\t\t\t\tdata-rsp_ch=\"on\"\n\t\t\t\t\t\t\t\tdata-xy=\"x:c;yo:355px,316px,276px,205px;\"\n\t\t\t\t\t\t\t\tdata-text=\"w:normal;s:50,50,50,30;l:55,55,55,35;fw:700,400,400,400;a:center;\"\n\t\t\t\t\t\t\t\tdata-dim=\"w:941px,829px,697px,420px;h:212px,194px,230px,auto;\"\n\t\t\t\t\t\t\t\tdata-padding=\"b:10;\"\n\t\t\t\t\t\t\t\tdata-frame_0=\"y:-100%;o:1;\"\n\t\t\t\t\t\t\t\tdata-frame_0_mask=\"u:t;\"\n\t\t\t\t\t\t\t\tdata-frame_1=\"st:1000;sp:1500;sR:1000;\"\n\t\t\t\t\t\t\t\tdata-frame_1_mask=\"u:t;\"\n\t\t\t\t\t\t\t\tdata-frame_999=\"st:w;sp:1000;auto:true;\"\n\t\t\t\t\t\t\t\tdata-frame_999_mask=\"u:t;\"\n\t\t\t\t\t\t\t\tstyle=\"z-index:11;font-family:Montserrat;\"\n\t\t\t\t\t\t\t>Sp\u00e9cialis\u00e9 en r\u00e9novation de toiture  et fa\u00e7ade (d\u00e9moussage, nettoyage, \u00e9tanch\u00e9it\u00e9) \n\t\t\t\t\t\t\t<\/rs-layer><!--\n\n\t\t\t\t\t\t\t--><rs-layer\n\t\t\t\t\t\t\t\tid=\"slider-1-slide-1-layer-9\" \n\t\t\t\t\t\t\t\tclass=\"Newspaper-Title\"\n\t\t\t\t\t\t\t\tdata-type=\"text\"\n\t\t\t\t\t\t\t\tdata-color=\"rgba(255, 255, 255, 1)\"\n\t\t\t\t\t\t\t\tdata-rsp_ch=\"on\"\n\t\t\t\t\t\t\t\tdata-xy=\"x:c;xo:22px,0,0,0;yo:284px,237px,196px,157px;\"\n\t\t\t\t\t\t\t\tdata-text=\"w:normal;s:50,50,50,30;l:55,55,55,35;fw:700,400,400,400;a:center;\"\n\t\t\t\t\t\t\t\tdata-dim=\"w:941px,829px,697px,420px;h:auto,121px,121px,auto;\"\n\t\t\t\t\t\t\t\tdata-padding=\"b:10;\"\n\t\t\t\t\t\t\t\tdata-frame_0=\"y:-100%;o:1;\"\n\t\t\t\t\t\t\t\tdata-frame_0_mask=\"u:t;\"\n\t\t\t\t\t\t\t\tdata-frame_1=\"st:1000;sp:1500;sR:1000;\"\n\t\t\t\t\t\t\t\tdata-frame_1_mask=\"u:t;\"\n\t\t\t\t\t\t\t\tdata-frame_999=\"st:w;sp:1000;auto:true;\"\n\t\t\t\t\t\t\t\tdata-frame_999_mask=\"u:t;\"\n\t\t\t\t\t\t\t\tstyle=\"z-index:10;font-family:Montserrat;\"\n\t\t\t\t\t\t\t> Bas\u00e9 \u00e0 MELUN \n\t\t\t\t\t\t\t<\/rs-layer><!--\n-->\t\t\t\t\t\t<\/rs-slide>\n\t\t\t\t\t<\/rs-slides>\n\t\t\t\t\t<rs-progress class=\"rs-bottom\" style=\"height: 1px; background: rgba(255,126,0,1);\"><\/rs-progress>\n\t\t\t\t<\/rs-module>\n\t\t\t\t<script type=\"text\/javascript\">\n\t\t\t\t\tsetREVStartSize({c: 'rev_slider_1_1',rl:[1240,1024,778,480],el:[730,650,580,480],gw:[1240,1024,778,480],gh:[730,650,580,480],type:'standard',justify:'',layout:'fullwidth',mh:\"0\"});\n\t\t\t\t\tvar\trevapi1,\n\t\t\t\t\t\ttpj;\n\t\t\t\t\tjQuery(function() {\n\t\t\t\t\t\ttpj = jQuery;\n\t\t\t\t\t\trevapi1 = tpj(\"#rev_slider_1_1\")\n\t\t\t\t\t\tif(revapi1==undefined || revapi1.revolution == undefined){\n\t\t\t\t\t\t\trevslider_showDoubleJqueryError(\"rev_slider_1_1\");\n\t\t\t\t\t\t}else{\n\t\t\t\t\t\t\trevapi1.revolution({\n\t\t\t\t\t\t\t\tsliderLayout:\"fullwidth\",\n\t\t\t\t\t\t\t\tvisibilityLevels:\"1240,1024,778,480\",\n\t\t\t\t\t\t\t\tgridwidth:\"1240,1024,778,480\",\n\t\t\t\t\t\t\t\tgridheight:\"730,650,580,480\",\n\t\t\t\t\t\t\t\tperspective:600,\n\t\t\t\t\t\t\t\tperspectiveType:\"local\",\n\t\t\t\t\t\t\t\teditorheight:\"730,650,580,480\",\n\t\t\t\t\t\t\t\tresponsiveLevels:\"1240,1024,778,480\",\n\t\t\t\t\t\t\t\tshuffle:true,\n\t\t\t\t\t\t\t\tstartWithSlide:0,\n\t\t\t\t\t\t\t\tnavigation: {\n\t\t\t\t\t\t\t\t\tkeyboardNavigation:true,\n\t\t\t\t\t\t\t\t\tmouseScrollNavigation:false,\n\t\t\t\t\t\t\t\t\ttouch: {\n\t\t\t\t\t\t\t\t\t\ttouchenabled:true\n\t\t\t\t\t\t\t\t\t}\n\t\t\t\t\t\t\t\t},\n\t\t\t\t\t\t\t\tparallax: {\n\t\t\t\t\t\t\t\t\tlevels:[5,10,15,20,25,30,35,40,45,50,47,48,49,50,51,55],\n\t\t\t\t\t\t\t\t\ttype:\"scroll\"\n\t\t\t\t\t\t\t\t},\n\t\t\t\t\t\t\t\tfallbacks: {\n\t\t\t\t\t\t\t\t\tallowHTML5AutoPlayOnAndroid:true\n\t\t\t\t\t\t\t\t},\n\t\t\t\t\t\t\t});\n\t\t\t\t\t\t}\n\t\t\t\t\t\t\n\t\t\t\t\t});\n\t\t\t\t<\/script>\n\t\t\t<\/rs-module-wrap>\n\t\t\t<!-- END REVOLUTION SLIDER -->\n[\/vc_column][\/vc_row][vc_row][vc_column ct_column_class=\u00a0\u00bbrm-padding-md\u00a0\u00bb css=\u00a0\u00bb.vc_custom_1540021731938{padding-top: 0px !important;padding-right: 0px !important;}\u00a0\u00bb offset=\u00a0\u00bbvc_col-lg-5 vc_col-md-5&Prime;][ct_space space_lg=\u00a0\u00bb112&Prime; space_md=\u00a0\u00bb60&Prime; space_sm=\u00a0\u00bb60&Prime; space_xs=\u00a0\u00bb60&Prime;][ct_heading text=\u00a0\u00bbVotre partenaire Hydro toit \u00e0 Melun\u00a0\u00bb font_size_md=\u00a0\u00bb36&Prime; font_size_sm=\u00a0\u00bb32&Prime; font_size_xs=\u00a0\u00bb32&Prime; font_weight=\u00a0\u00bb\u00a0\u00bb subtitle=\u00a0\u00bbNotre m\u00e9tier\u00a0\u00bb description=\u00a0\u00bbVous remarquez de la mousse qui s\u2019installe sur votre toiture ou vos fa\u00e7ades ?<br \/>\nHydro toit bas\u00e9 \u00e0 Melun 77, se d\u00e9place gratuitement pour donner des conseils personnalis\u00e9s et pour vous aider dans la r\u00e9novation de votre toiture et de votre fa\u00e7ade.<br \/>\nExp\u00e9riment\u00e9s, comp\u00e9tents et \u00e0 votre \u00e9coute, nous analysons votre situation de fa\u00e7on pr\u00e9cise avant de vous conseiller le traitement anti-mousse, hydrofuge ou r\u00e9sine color\u00e9e le plus adapt\u00e9 \u00e0 utiliser.\u00a0\u00bb typingout=\u00a0\u00bb\u00ab\u00a0traitement anti-mousse de toiture\u00ab\u00a0, \u00ab\u00a0fa\u00e7ade et terrasse\u00ab\u00a0, \u00ab\u00a0Nettoyage de toiture\u00ab\u00a0,\u00ab\u00a0r\u00e9sine incolore et color\u00e9\u00ab\u00a0\u00ab\u00a0][ct_space space_lg=\u00a0\u00bb90&Prime; space_md=\u00a0\u00bb60&Prime; space_sm=\u00a0\u00bb50&Prime; space_xs=\u00a0\u00bb50&Prime;][\/vc_column][vc_column ct_column_class=\u00a0\u00bbrm-padding-md\u00a0\u00bb css=\u00a0\u00bb.vc_custom_1540021746573{padding-top: 0px !important;padding-left: 35px !important;}\u00a0\u00bb offset=\u00a0\u00bbvc_col-lg-7 vc_col-md-7&Prime;][vc_single_image image=\u00a0\u00bb1629&Prime; img_size=\u00a0\u00bbfull\u00a0\u00bb alignment=\u00a0\u00bbright\u00a0\u00bb css_animation=\u00a0\u00bbfadeInRight\u00a0\u00bb css=\u00a0\u00bb.vc_custom_1594805282085{margin-bottom: 0px !important;padding-bottom: 0px !important;}\u00a0\u00bb][\/vc_column][\/vc_row][vc_row full_width=\u00a0\u00bbstretch_row_content_no_spaces\u00a0\u00bb css=\u00a0\u00bb.vc_custom_1594814481654{padding-top: 120px !important;background-color: #f4f7fc !important;}\u00a0\u00bb el_id=\u00a0\u00bbnotre-metier\u00a0\u00bb][vc_column css=\u00a0\u00bb.vc_custom_1539747466925{padding-top: 0px !important;}\u00a0\u00bb][vc_row_inner][vc_column_inner width=\u00a0\u00bb1\/4&Prime;][ct_banner banner=\u00a0\u00bb1786&Prime; animation=\u00a0\u00bbfadeInLeft\u00a0\u00bb][ct_space space_lg=\u00a0\u00bb0&Prime; space_md=\u00a0\u00bb0&Prime; space_sm=\u00a0\u00bb0&Prime; space_xs=\u00a0\u00bb45&Prime;][\/vc_column_inner][vc_column_inner width=\u00a0\u00bb1\/2&Prime; ct_column_inner_class=\u00a0\u00bbrm-padding-lg\u00a0\u00bb css=\u00a0\u00bb.vc_custom_1540022040991{padding-top: 0px !important;padding-right: 0px !important;padding-bottom: 58px !important;padding-left: 0px !important;}\u00a0\u00bb offset=\u00a0\u00bbvc_col-lg-6 vc_col-md-6&Prime;][ct_space space_lg=\u00a0\u00bb90&Prime; space_md=\u00a0\u00bb60&Prime; space_sm=\u00a0\u00bb50&Prime; space_xs=\u00a0\u00bb50&Prime;][vc_column_text]<\/p>\n<p style=\"text-align: center;\">Deux dangers menacent la long\u00e9vit\u00e9 de notre maison :<\/p>\n<p style=\"text-align: center;\">La mousse sur nos toits : si elle n\u2019est pas enlev\u00e9e avant l\u2019hiver prochain, elle se georgera d\u2019eau et avec les premiers gels fera \u00e9clater vos tuiles entra\u00eenant des infiltrations d\u2019eau dans votre toiture et vos murs.<\/p>\n<p style=\"text-align: center;\">Les\u00a0 champignons, algues et lichens qui adh\u00e8rent \u00e0 nos fa\u00e7ades et d\u00e9truisent leur \u00e9tanch\u00e9it\u00e9. Ils forment des microfissures qui laisseront s\u2019infiltrer les eaux de pluie dans vos murs.<\/p>\n<p style=\"text-align: center;\">Nous vous proposons un diagnostic gratuit pour que toitures et fa\u00e7ades soient pr\u00eates \u00e0 r\u00e9sister aux agressions de la pollution et du froid de l\u2019hiver \u00e0 venir.<\/p>\n<p style=\"text-align: center;\">Nous travaillons pr\u00e8s de chez vous et nous vous invitons \u00e0 venir constater la qualit\u00e9 de notre travail.<\/p>\n<p style=\"text-align: center;\">Disponibles et flexibles, nous intervenons chez les particuliers et les professionnels pour un d\u00e9moussage r\u00e9alis\u00e9 gr\u00e2ce \u00e0 de nouvelles techniques modernes, efficaces et avantageuses pour votre b\u00e2timent et pour vous.<\/p>\n<p>[\/vc_column_text][\/vc_column_inner][vc_column_inner width=\u00a0\u00bb1\/4&Prime;][ct_banner banner=\u00a0\u00bb1876&Prime; animation=\u00a0\u00bbfadeInLeft\u00a0\u00bb][ct_space space_lg=\u00a0\u00bb0&Prime; space_md=\u00a0\u00bb0&Prime; space_sm=\u00a0\u00bb0&Prime; space_xs=\u00a0\u00bb45&Prime;][\/vc_column_inner][\/vc_row_inner][vc_empty_space height=\u00a0\u00bb14px\u00a0\u00bb][vc_column_text]<\/p>\n<h4 style=\"text-align: center;\"><strong>Notre exp\u00e9rience et notre professionnalisme seront les cl\u00e9s de la r\u00e9ussite de votre chantier.<\/strong><\/h4>\n<p>[\/vc_column_text][\/vc_column][\/vc_row][vc_row el_id=\u00a0\u00bbservices\u00a0\u00bb][vc_column css=\u00a0\u00bb.vc_custom_1541610546387{padding-top: 94px !important;}\u00a0\u00bb][vc_row_inner][vc_column_inner width=\u00a0\u00bb1\/4&Prime;][\/vc_column_inner][vc_column_inner width=\u00a0\u00bb1\/2&Prime; ct_column_inner_class=\u00a0\u00bbrm-padding-lg\u00a0\u00bb css=\u00a0\u00bb.vc_custom_1540440548838{padding-top: 0px !important;padding-right: 0px !important;padding-left: 0px !important;}\u00a0\u00bb offset=\u00a0\u00bbvc_col-lg-6 vc_col-md-6&Prime;][ct_heading text=\u00a0\u00bbNos meilleurs <cite> services pour<\/cite> r\u00e9soudre vos probl\u00e8mes\u00a0\u00bb text_below=\u00a0\u00bbNos Services\u00a0\u00bb align_lg=\u00a0\u00bbalign-center\u00a0\u00bb align_md=\u00a0\u00bbalign-center-md\u00a0\u00bb align_sm=\u00a0\u00bbalign-center-sm\u00a0\u00bb align_xs=\u00a0\u00bbalign-center-xs\u00a0\u00bb font_size_md=\u00a0\u00bb36&Prime; font_size_sm=\u00a0\u00bb32&Prime; font_size_xs=\u00a0\u00bb32&Prime; font_weight=\u00a0\u00bb\u00a0\u00bb subtitle=\u00a0\u00bbServices\u00a0\u00bb][\/vc_column_inner][vc_column_inner width=\u00a0\u00bb1\/4&Prime;][\/vc_column_inner][\/vc_row_inner][ct_space space_lg=\u00a0\u00bb0&Prime; space_md=\u00a0\u00bb0&Prime; space_sm=\u00a0\u00bb0&Prime; space_xs=\u00a0\u00bb100&Prime;][\/vc_column][\/vc_row][vc_row full_width=\u00a0\u00bbstretch_row\u00a0\u00bb css=\u00a0\u00bb.vc_custom_1465160054079{padding-top: 68px !important;padding-bottom: 60px !important;background-color: #f95b36 !important;}\u00a0\u00bb font_color=\u00a0\u00bb#ffffff\u00a0\u00bb][vc_column width=\u00a0\u00bb1\/2&Prime;][ct_banner banner=\u00a0\u00bb1815&Prime; animation=\u00a0\u00bbfadeInLeft\u00a0\u00bb][ct_banner banner=\u00a0\u00bb1816&Prime; animation=\u00a0\u00bbfadeInLeft\u00a0\u00bb][ct_banner banner=\u00a0\u00bb1807&Prime; animation=\u00a0\u00bbfadeInLeft\u00a0\u00bb][ct_banner banner=\u00a0\u00bb1625&Prime; animation=\u00a0\u00bbfadeInLeft\u00a0\u00bb][\/vc_column][vc_column width=\u00a0\u00bb1\/2&Prime;][ct_banner banner=\u00a0\u00bb1814&Prime; animation=\u00a0\u00bbfadeInLeft\u00a0\u00bb][ct_banner banner=\u00a0\u00bb1813&Prime; animation=\u00a0\u00bbfadeInLeft\u00a0\u00bb][ct_banner banner=\u00a0\u00bb1874&Prime; animation=\u00a0\u00bbfadeInLeft\u00a0\u00bb][ct_banner banner=\u00a0\u00bb1806&Prime; animation=\u00a0\u00bbfadeInLeft\u00a0\u00bb][\/vc_column][\/vc_row][vc_row full_width=\u00a0\u00bbstretch_row\u00a0\u00bb css=\u00a0\u00bb.vc_custom_1465160054079{padding-top: 68px !important;padding-bottom: 60px !important;background-color: #f95b36 !important;}\u00a0\u00bb font_color=\u00a0\u00bb#ffffff\u00a0\u00bb][vc_column][ct_banner banner=\u00a0\u00bb1879&Prime; animation=\u00a0\u00bbfadeInLeft\u00a0\u00bb][\/vc_column][\/vc_row][vc_row full_width=\u00a0\u00bbstretch_row\u00a0\u00bb el_id=\u00a0\u00bbcontact\u00a0\u00bb][vc_column css=\u00a0\u00bb.vc_custom_1540527888195{padding-top: 120px !important;padding-bottom: 120px !important;}\u00a0\u00bb][vc_row_inner][vc_column_inner][ct_heading text=\u00a0\u00bbDemandez<cite> votre devis<\/cite> totalement gratuit\u00a0\u00bb text_below=\u00a0\u00bbNous contacter\u00a0\u00bb align_lg=\u00a0\u00bbalign-center\u00a0\u00bb align_md=\u00a0\u00bbalign-center-md\u00a0\u00bb align_sm=\u00a0\u00bbalign-center-sm\u00a0\u00bb align_xs=\u00a0\u00bbalign-center-xs\u00a0\u00bb font_size_md=\u00a0\u00bb36&Prime; font_size_sm=\u00a0\u00bb32&Prime; font_size_xs=\u00a0\u00bb32&Prime; font_weight=\u00a0\u00bb\u00a0\u00bb subtitle=\u00a0\u00bbContact\u00a0\u00bb][\/vc_column_inner][\/vc_row_inner][vc_row_inner content_placement=\u00a0\u00bbmiddle\u00a0\u00bb css=\u00a0\u00bb.vc_custom_1540527908144{padding-top: 110px !important;}\u00a0\u00bb][vc_column_inner width=\u00a0\u00bb1\/2&Prime; ct_column_inner_class=\u00a0\u00bbrm-padding-lg\u00a0\u00bb css=\u00a0\u00bb.vc_custom_1541254477998{padding-top: 40px !important;padding-right: 140px !important;padding-bottom: 40px !important;}\u00a0\u00bb animation_column=\u00a0\u00bbfadeInLeft\u00a0\u00bb][ct_heading text=\u00a0\u00bb3 rue de l&rsquo;Eperon,<br \/>\n77000 <cite>Melun<\/cite>\u00a0\u00bb font_size=\u00a0\u00bb32&Prime; font_size_md=\u00a0\u00bb32&Prime; font_size_sm=\u00a0\u00bb32&Prime; font_size_xs=\u00a0\u00bb32&Prime; font_weight=\u00a0\u00bb\u00a0\u00bb margin_bottom=\u00a0\u00bb18&Prime;][vc_raw_html css=\u00a0\u00bb.vc_custom_1594810712914{margin-bottom: 18px !important;}\u00a0\u00bb]JTNDZGl2JTIwY2xhc3MlM0QlMjJjb250YWN0LWluZm8lMjIlM0UlMEElMjAlMjAlMjAlMjAlM0NzcGFuJTNFRS1tYWlsJTNBJTNDJTJGc3BhbiUzRSUyMGNvbnRhY3QlNDBoeWRyb3RvaXQuZnIlM0NiciUzRSUyMCUwQSUyMCUyMCUyMCUyMCUzQ3NwYW4lM0VUJUMzJUE5bCVDMyVBOXBob25lJTNBJTNDJTJGc3BhbiUzRSUyMDAxJTIwNjQlMjAxNCUyMDE4JTIwOTElMEElM0MlMkZkaXYlM0U=[\/vc_raw_html][vc_column_text css=\u00a0\u00bb.vc_custom_1594810739628{margin-bottom: 0px !important;}\u00a0\u00bb el_class=\u00a0\u00bbft-heebo\u00a0\u00bb]Avoir des probl\u00e8mes? Trouvez ici la r\u00e9ponse \u00e0 votre question. N&rsquo;h\u00e9sitez pas \u00e0 nous contacter![\/vc_column_text][\/vc_column_inner][vc_column_inner width=\u00a0\u00bb1\/2&Prime;][ct_contact_form id=\u00a0\u00bb5&Prime;][\/vc_column_inner][\/vc_row_inner][\/vc_column][\/vc_row][vc_row full_width=\u00a0\u00bbstretch_row\u00a0\u00bb css=\u00a0\u00bb.vc_custom_1465160054079{padding-top: 68px !important;padding-bottom: 60px !important;background-color: #f95b36 !important;}\u00a0\u00bb font_color=\u00a0\u00bb#ffffff\u00a0\u00bb][vc_column][vc_column_text]<\/p>\n<h3 style=\"text-align: center;\"><strong>HYDRO TOIT-DEMOUSSAGE<\/strong><\/h3>\n<h3 style=\"text-align: center;\"><strong>3 Rue de l&rsquo;\u00c9peron<\/strong><br \/>\n<strong>77000 Melun<\/strong><\/h3>\n<h3 style=\"text-align: center;\"><strong>T\u00e9l\u00e9phone : 01 64 14 18 91<\/strong><\/h3>\n<p>[\/vc_column_text][\/vc_column][\/vc_row][vc_row][vc_column][vc_empty_space][vc_gmaps link=\u00a0\u00bb#E-8_JTNDaWZyYW1lJTIwc3JjJTNEJTIyaHR0cHMlM0ElMkYlMkZ3d3cuZ29vZ2xlLmNvbSUyRm1hcHMlMkZlbWJlZCUzRnBiJTNEJTIxMW0xOCUyMTFtMTIlMjExbTMlMjExZDI2NDEuNjc1NDc1MjQ4MzAyJTIxMmQyLjY1OTY0MDkxNTY2MzEyNzUlMjEzZDQ4LjUzOTQ1MDY3OTI1NzYyJTIxMm0zJTIxMWYwJTIxMmYwJTIxM2YwJTIxM20yJTIxMWkxMDI0JTIxMmk3NjglMjE0ZjEzLjElMjEzbTMlMjExbTIlMjExczB4NDdlNWZhNjUxZmI0ZjRlOSUyNTNBMHhhNTljOThhYmEwMmEyOTkxJTIxMnMzJTI1MjBSdWUlMjUyMGRlJTI1MjBsJTI2JTIzMzklM0IlMjVDMyUyNTg5cGVyb24lMjUyQyUyNTIwNzcwMDAlMjUyME1lbHVuJTIxNWUwJTIxM20yJTIxMXNmciUyMTJzZnIlMjE0djE1OTQ4MDYxNTQwNzElMjE1bTIlMjExc2ZyJTIxMnNmciUyMiUyMHdpZHRoJTNEJTIyNjAwJTIyJTIwaGVpZ2h0JTNEJTIyNDUwJTIyJTIwZnJhbWVib3JkZXIlM0QlMjIwJTIyJTIwc3R5bGUlM0QlMjJib3JkZXIlM0EwJTNCJTIyJTIwYWxsb3dmdWxsc2NyZWVuJTNEJTIyJTIyJTIwYXJpYS1oaWRkZW4lM0QlMjJmYWxzZSUyMiUyMHRhYmluZGV4JTNEJTIyMCUyMiUzRSUzQyUyRmlmcmFtZSUzRQ==\u00a0\u00bb][vc_empty_space][\/vc_column][\/vc_row][vc_row full_width=\u00a0\u00bbstretch_row\u00a0\u00bb css=\u00a0\u00bb.vc_custom_1540560921334{padding-top: 68px !important;padding-bottom: 60px !important;}\u00a0\u00bb font_color=\u00a0\u00bb#ffffff\u00a0\u00bb][vc_column width=\u00a0\u00bb1\/3&Prime;][vc_column_text]<\/p>\n<div class=\"heading-decor-s tal heading-decor-5bd3177e9d10b\">\n<h1 class=\"h vc_custom_heading\"><span style=\"text-decoration: underline;\"><span style=\"font-size: 14pt;\">Nos garanties<\/span><\/span><\/h1>\n<\/div>\n<div class=\"wpb_text_column wpb_content_element vc_custom_1530978995530\">\n<div class=\"wpb_wrapper\">\n<ul>\n<li><strong>Expertise traditionnelle et authentique<\/strong><\/li>\n<li><strong>rapidit\u00e9 d\u2019ex\u00e9cution<\/strong><\/li>\n<li><strong>qualit\u00e9 de nos prestations<\/strong><\/li>\n<li><strong>Artisans qualifi\u00e9s \u00e0 votre \u00e9coute et \u00e0 votre service<\/strong><\/li>\n<li><strong>Conseils personnalis\u00e9s adapt\u00e9s \u00e0 votre projet<\/strong><\/li>\n<li><strong>Suivi de votre chantier<\/strong><\/li>\n<\/ul>\n<\/div>\n<\/div>\n<p>[\/vc_column_text][\/vc_column][vc_column width=\u00a0\u00bb1\/3&Prime;][vc_column_text]<\/p>\n<div class=\"heading-decor-s tal heading-decor-5bd3177e9fa3b\">\n<h1 class=\"h vc_custom_heading\"><span style=\"text-decoration: underline;\"><span style=\"font-size: 18pt;\">Nos services exclusifs<\/span><\/span><\/h1>\n<\/div>\n<div class=\"wpb_text_column wpb_content_element vc_custom_1539285446089\">\n<div class=\"wpb_wrapper\">\n<ul>\n<li>\n<div class=\"row-fluid bottom-nav\">\n<div class=\" span6\">\n<p><strong>Toute notre \u00e9quipe de couvreurs qualifi\u00e9s r\u00e9alise vos travaux d\u2019isolation, de toiture ou de r\u00e9novation avec le plus grand professionnalisme et reste toujours \u00e0 l\u2019\u00e9coute de vos besoins. Afin de simplifier toujours davantage votre projet, Hydro toit a mis en place de nombreux services exclusifs.<\/strong><\/p>\n<ul>\n<li><strong>D\u00e9pannage rapide 7j\/7 \u2013 24h\/24<\/strong><\/li>\n<li><strong>Devis gratuit pour vos projets travaux<\/strong><\/li>\n<li><strong>Permanence t\u00e9l\u00e9phonique pour nous joindre facilement et \u00e0 tout moment<\/strong><\/li>\n<li><strong>Service adapt\u00e9 aux professionnels. Contactez-nous pour tous vos travaux.<\/strong><\/li>\n<\/ul>\n<\/div>\n<\/div>\n<\/li>\n<\/ul>\n<\/div>\n<\/div>\n<p>[\/vc_column_text][\/vc_column][vc_column width=\u00a0\u00bb1\/3&Prime;][vc_column_text]<\/p>\n<div class=\"heading-decor-s tal heading-decor-5bd3177ea1cf0\">\n<h1 class=\"h vc_custom_heading\"><span style=\"text-decoration: underline;\"><span style=\"font-size: 18pt;\">Autres services<\/span><\/span><\/h1>\n<\/div>\n<div class=\"wpb_text_column wpb_content_element vc_custom_1530979483682\">\n<div class=\"wpb_wrapper\">\n<ul>\n<li><strong>Recherche de fuite, r\u00e9parations<\/strong><\/li>\n<li><strong>Diagnostic sur l\u2019\u00e9tat de votre toiture<\/strong><\/li>\n<li><strong>Suivi de toiture<\/strong><\/li>\n<\/ul>\n<\/div>\n<\/div>\n<p>[\/vc_column_text][\/vc_column][\/vc_row]<\/p>\n","protected":false},"excerpt":{"rendered":"<p>[vc_row full_width=\u00a0\u00bbstretch_row_content_no_spaces\u00a0\u00bb el_id=\u00a0\u00bbaccueil\u00a0\u00bb][vc_column][\/vc_column][\/vc_row][vc_row][vc_column ct_column_class=\u00a0\u00bbrm-padding-md\u00a0\u00bb css=\u00a0\u00bb.vc_custom_1540021731938{padding-top: 0px !important;padding-right: 0px !important;}\u00a0\u00bb offset=\u00a0\u00bbvc_col-lg-5 vc_col-md-5&Prime;][ct_space space_lg=\u00a0\u00bb112&Prime; space_md=\u00a0\u00bb60&Prime; space_sm=\u00a0\u00bb60&Prime; space_xs=\u00a0\u00bb60&Prime;][ct_heading text=\u00a0\u00bbVotre partenaire Hydro toit \u00e0 Melun\u00a0\u00bb font_size_md=\u00a0\u00bb36&Prime; font_size_sm=\u00a0\u00bb32&Prime; font_size_xs=\u00a0\u00bb32&Prime; font_weight=\u00a0\u00bb\u00a0\u00bb subtitle=\u00a0\u00bbNotre m\u00e9tier\u00a0\u00bb description=\u00a0\u00bbVous remarquez de la mousse qui s\u2019installe sur votre toiture ou vos fa\u00e7ades ? Hydro toit bas\u00e9 \u00e0 Melun 77, se d\u00e9place gratuitement pour donner des conseils personnalis\u00e9s [&hellip;]<\/p>\n","protected":false},"author":1,"featured_media":0,"parent":0,"menu_order":0,"comment_status":"closed","ping_status":"closed","template":"","meta":[],"_links":{"self":[{"href":"https:\/\/www.hydrotoit-demoussage.fr\/index.php\/wp-json\/wp\/v2\/pages\/1710"}],"collection":[{"href":"https:\/\/www.hydrotoit-demoussage.fr\/index.php\/wp-json\/wp\/v2\/pages"}],"about":[{"href":"https:\/\/www.hydrotoit-demoussage.fr\/index.php\/wp-json\/wp\/v2\/types\/page"}],"author":[{"embeddable":true,"href":"https:\/\/www.hydrotoit-demoussage.fr\/index.php\/wp-json\/wp\/v2\/users\/1"}],"replies":[{"embeddable":true,"href":"https:\/\/www.hydrotoit-demoussage.fr\/index.php\/wp-json\/wp\/v2\/comments?post=1710"}],"version-history":[{"count":49,"href":"https:\/\/www.hydrotoit-demoussage.fr\/index.php\/wp-json\/wp\/v2\/pages\/1710\/revisions"}],"predecessor-version":[{"id":1885,"href":"https:\/\/www.hydrotoit-demoussage.fr\/index.php\/wp-json\/wp\/v2\/pages\/1710\/revisions\/1885"}],"wp:attachment":[{"href":"https:\/\/www.hydrotoit-demoussage.fr\/index.php\/wp-json\/wp\/v2\/media?parent=1710"}],"curies":[{"name":"wp","href":"https:\/\/api.w.org\/{rel}","templated":true}]}}